7
Calculate (-1 - (-10 + 13 + -11) - -6) + 9.
22
What is the value of -8 + (-49 - -21 - -47)?
11
What is the value of 27 + 0 + 12 + -19?
20
What is the value of (-1 - 0) + 6 - ((-46 - -42) + 13)?
-4
Evaluate -1 + (-131 - -128) + (7 - 0) + 1.
4
Calculate -14 + 1 - (32 + -36) - 2.
-11
0 - (-4 - 1 - -5) - (0 - 9)
9
What is the value of (-2 - (-1 - -9)) + (144 - 127)?
7
What is the value of -16 - (-2 - (1 + 1 - -2))?
-10
(5 - 1) + 7 + -15 + 4
0
-1 + 10 + -11 - (3 - (2 + -2))
-5
Evaluate (55 - 40) + (-15 - -1).
1
Calculate -1 + -8 + -9 + 6 + -10 + 9.
-13
What is 23 - (-22 + 31 + 16)?
-2
-5 - -1 - (-6 - -1) - 7
-6
What is the value of 1 + 6 + -10 + -1 + 8 + 0?
4
-15 + 23 + (0 - -2) + 18 + -13
15
Evaluate 0 + -4 + 9 - 0 - (-40 - -57).
-12
What is the value of (2 + -17 - -7) + -16?
-24
What is -3 + 10 + 4 + -22?
-11
29 - (-3 - (22 - 41))
13
Calculate 8 + (-1 - (1 + -1) - (-1 + 5)).
3
What is the value of 32 - (72 - (7 - -4))?
-29
What is (2 - 5) + 13 + 5 + 3 + 3?
21
Evaluate 22 + (31 - (16 + 20)).
17
What is (0 - -3) + 0 - (-226 + 225)?
4
What is the value of -85 + 71 + 2 + 1 + 1?
-10
What is 3 - (7 + (-18 - -27))?
-13
What is the value of 5 + -47 - -17 - -16?
-9
Evaluate (25 - 12 - 31) + 7.
-11
(0 - -9) + (-3 - -2 - (18 + 16))
-26
(-3 - -1) + (38 - 38)
-2
Evaluate (-14 - -1) + (108 - 13) + -85.
-3
-25 - (-7 + -9) - -8
-1
Evaluate -1 - -2 - (-10 + (-3 - -8)) - -7.
13
What is -1 - 0 - 9 - (-6 + (17 - 30))?
9
Evaluate (1 - (-11 - -8)) + -10.
-6
What is (2 - -1) + (36 - (-28 - -53))?
14
What is the value of 2 + 8 + 1 + (276 - 276)?
11
What is -41 - -40 - (-16 - 1)?
16
Calculate (-1 - (-33 + -7)) + 2 + -9 + -3.
29
Evaluate 9 - -2 - (-1 + -4 + (-12 - -10)).
18
4 + (-10 + 9 - 5)
-2
Calculate 15 + 4 + -13 + 8.
14
What is 9 - (2 - (7 + (13 - 11)))?
16
What is the value of -8 - 0 - (-14 + (23 - 19))?
2
Evaluate -3 + (-2 - 0) + -195 + 197.
-3
Evaluate 5 + -13 + -2 - ((5 - 5) + -7).
-3
What is the value of 10 + (1 + 12 - (55 + (21 - 67)))?
14
Evaluate 456 + -470 + (-2 - (1 - 0) - 1).
-18
What is the value of 20 + -6 + -2 - (5 + 2 - 4)?
9
-1 - -2 - (-1 + 8) - (-8 - 1)
3
Evaluate -4 + -6 - (-1 + -9) - (0 - -5).
-5
What is the value of -17 + -21 + 55 + 2?
19
Evaluate (-80 - -90) + (2 - 9 - -1 - 2).
2
-4 + 6 - -15 - 15
2
Calculate -25 - (-29 + (20 - 27)).
11
What is the value of -5 + 34 - (-10 - -26)?
13
What is the value of -435 + 434 - (1 + -13 + 2 - -2)?
7
Calculate (67 - (64 - -6)) + (4 - 2) + 14.
13
Calculate 10 + (-9 - 8 - -15) + 6 + 1.
15
Evaluate (-5 - (-5 + 6)) + (-10 - -6 - -9).
-1
What is the value of 31 + (5 - (10 - -5)) + 1?
22
-27 + 10 + 49 - 42
-10
What is the value of (-10 - (-1 - 13)) + -6 - -13?
11
What is the value of -3 + (5 - (5 - 8) - (-9 + -8))?
22
What is the value of 1 + (7 - 24) - 5?
-21
-11 + -17 + (8 - (-8 + 2))
-14
Evaluate 10 + (-1 - 7) - (1 + 1 + -9).
9
What is -15 + (0 - (-8 + 7 - 4) - 1)?
-11
(-1 - (-2 - 7)) + (-14 - (10 - 19))
3
What is -9 - ((-5 - (2 - 12)) + (10 - 27))?
3
What is (9 - 2) + 54 + -64?
-3
Evaluate -11 - ((3 - 5) + -14) - (6 - 0).
-1
Calculate (-3 - -5 - 2) + 98 + -61.
37
Evaluate 11 - (23 - (10 - -3)) - -1.
2
What is 4 + (14 - 43) - -18?
-7
59 - 57 - -4 - (6 + 1 + -2)
1
What is 27 - -1 - 34 - (-4 - -23 - -2)?
-27
Calculate -22 + 7 + -2 - (4 + (-7 - -5)).
-19
Evaluate -8 + 3 + -3 - -8.
0
Evaluate -1 + 10 + 1 - 23.
-13
1 + 2 + (-8 - -5) - (1 + -5)
4
What is (-4 - -1) + -18 + (-28 - -47) + 30?
28
(7 - -3 - 5) + 5 + 6
16
Evaluate (-5 - 1 - (92 + -79)) + (3 - 0).
-16
What is the value of 68 - 62 - (10 - -2)?
-6
Evaluate 11 - -1 - (117 + -106).
1
What is -12 - (-16 + (-7 - 8)) - (1 - -4)?
14
What is the value of (13 - 2) + (0 - -8 - (5 + 9))?
5
What is the value of 1 + (-1 - (3 + 1 + -2)) + 5?
3
What is 40 - (-19 + 47 - 5)?
17
(-6 - 2) + (26 - (10 + 2 + 2))
4
-3 + 8 + -6 + 1 - -4
4
Evaluate -32 + -11 + -16 + 32.
-27
-3 + 4 + 6 + -3
4
What is the value of 7 - (-17 + (4 - -8) - (-24 + -1))?
-13
Evaluate -14 - (-19 - -5) - 5.
-5
What is -3 - (-29 + 1 + (1 - -1) + 3)?
20
What is the value of -14 + 10 + -13 + 5?
-12
What is -4 + 4 + 12 - (11 - -1)?
0
(-11 - -3) + 10 + -26 + (3 - -2)
-19
-25 - -1 - (-69 + 15 + 39)
-9
What is -26 + (2 - (-10 + -6 + 27 - 21))?
-14
Calculate 0 - (12 + -7) - 1.
-6
What is -390 - -366 - (-2 + 1 - 6)?
-17
Evaluate -1 - 3 - 13 - -13.
-4
-63 + 67 - (-1 - -14)
-9
Evaluate 25 + (26 + -2 - 35).
14
Evaluate -13 + (6 - -5) - -19.
17
What is 51 - (33 + 30) - (13 + 1)?
-26
What is the value of -17 - -24 - (-5 + -1 - -6) - -2?
9
Evaluate (-23 - (26 + -39)) + -2 + (-2 - -24).
10
What is 16 - (46 - (-4 + 21))?
-13
What is the value of -2 + -1 + 1 - (-99 + 96)?
1
What is 4 + -19 + -6 + 7?
-14
Calculate -24 + (10 + -20 - -28).
-6
214 + -206 + -18 + 0
-10
Evaluate (35 - 24) + (0 - 4) + 9 + -1.
15
(-25 + 5 + 4 - -7) + -3
-12
Calculate -23 + 10 + (15 - 20 - (0 - -4)).
-22
3 + (-20 - -6) - -10
-1
What is -16 + 4 + 0 + 3 - (34 + -14)?
-29
Calculate (-2 - -3) + (64 - 28) + -55.
-18
What is (-11 + 16 - (-2 + 0)) + -1 + -25?
-19
(-13 + 8 + -6 - -19) + 10 + -1
17
Calculate 52 + -40 + (1 - 2).
11
What is the value of 0 + 23 + (2 - 10) + 3 - 6?
12
What is -6 + (39 + -26 - (29 - -6))?
-28
What is the value of -9 + 0 - (305 + -308) - (19 - -1)?
-26
What is (2 - (-1 - (-7 - -12) - -1)) + 1?
8
23 + -32 + (2 - -1)
-6
What is the value of 1 + -1 + -2 + -5 + (-133 - -143)?
3
Calculate 16 - (2 + (-8 - -12)).
10
Evaluate (27 - 17) + -26 + 32.
16
Calculate 7 + -1 + (37 - 12 - 25).
6
Evaluate 1 + (23 - 14) + -7.
3
(12 - 4) + -12 + -18 + 0
-22
What is -4 + (12 + (-3 - 7) - 17)?
-19
Evaluate (9 - 10) + (3 - 3) + 4 + -13.
-10
Calculate (7 + 8 - (9 + 0) - 4) + 24.
26
What is the value of 11 + (-15 + 8 - -3)?
7
What is the value of -5 + (14 - 6) + 5 - (1 - 1)?
8
What is -22 + 51 + -25 - 26?
-22
(-2 - -5) + (1 - -1) + (0 - 26)
-21
Calculate (-5 - (11 - 23)) + -15.
-8
Calculate -5 + -2 + -3 + (-8 - (-8 - -3)).
-13
What is (0 - -39 - 36) + (-19 - (1 + -2))?
-15
Evaluate 13 + (-11 - (-24 - -44)).
-18
Evaluate -28 + (-2 - -16) + -12 + -2.
-28
Calculate (-2 - 10) + -6 + (13 - -4).
-1
Evaluate 4 + 0 - (-201 + 204).
1
Calculate -9 - (2 + (-15 - 2)).
6
Calculate (36 + (-15 - 0) - -19) + -20.
20
Evaluate -9 - (5 + 0 - (10 - (4 + -4))).
-4
Evaluate (-11 + 13 - (1 - (3 - 1))) + 5.
8
What is the value of 4 - (7 - (14 - (-2 - -12)))?
1
-4 - 0 - (-2 - -4 - (0 - 4))
-10
Calculate -1 + 0 + (-15 + -8 - -15).
-9
Calculate -3 - (-2 + -2 - (18 + -20)).
-1
What is -6 + -7 + (-3 - -8) + -1 - -37?
28
Evaluate 14 + -7 + (-8 + 7 + 23 - -3).
32
Calculate 1 + 12 + (-49 - -43) - -3.
10
What is the value of (-18 - 0) + 27 - (0 - -10)?
-1
Evaluate 33 + (3 - (4 - (-1 + -10 + 12))).
33
15 + -31 - 24 - -24
-16
What is the value of -32 - (6 + -28 + 2)?
-12
What is 5 + -4 + -11 + 4 + 6 + -3?
-3
Evaluate (-67 - -72) + -8 + 6 + -5.
-2
What is the value of 3 + (1 - 5 - (-45 - -49)) - -7?
2
What is the value of (7 - 1) + -2 + 4 + -15?
-7
Calculate 24 - ((-4 + 7 - -5) + -10).
26
12 + -6 + -30 + -4
-28
What is 3 - 0 - (-591 + 610)?
-16
What is the value of (10 - 21 - -10) + 12?
11
Calculate (-6 - 1) + (8 - (-38 - -55)).
-16
Evaluate 2 + 0 + -1 + -1376 + 1372.
-3
Evaluate (-19 - 5 - -10) + 9.
-5
10 - (-7 - ((3 - -3 - 3) + -6))
14
What is the value of 3 + -3 + -1 + 8?
7
Calculate 24 + 2 + -11 + 3 - 6.
12
Evaluate -34 - (92 + -86 - (13 - -2)).
-25
What is 157 - 175 - (0 - -3)?
-21
What is 2 - -2 - ((5 - 6) + 1 - 3)?
7
Calculate (-2 + 19 - 1) + -8.
8
Calculate -21 + (7 + -1 - (6 + -9)).
-12
-10 - 1 - -5 - 4 - -10
0
What is -10 + 0 + 11 + -11?
-10
What is 10 - (-2 + 1) - (-266 - -261)?
16
What is the value of -28 + (8 - -1 - (24 - (-17 + 43)))?
-17
23 + 0 + -53 + 29
-1
Calculate 0 + -26 + 19 + -12.
-19
4 + -15 + (-2 - -8)
-5
What is the value of -3 - 2 - (12 - (19 + 16 + -10))?
8
What is (9 - -25) + -4 + -9 + 0?
21
Calculate (-18 - -11 - 4 - -11) + 21 - 10.
11
1 + -4 + (-11 - -17 - -1 - 2)
2
Evaluate (8 - (3 - 1)) + (-25 - -31).
12
Calculate 30 + -30 - (0 + 13).
-13
Calculate 8 - 6 - -20 - (-8 - -3).
27
Evaluate (3 - (3 - 3)) + 1 + 7 + -4.
7
Evaluate -10 + (-11 - -27) - 16.
-10
What is the value of (-15 + 2 - (1 + -3)) + -12?
-23
Evaluate (0 - 11) + (34 - (27 + -11)).
7
Calculate 3 - 17 - (-157 + 140).
3
What is (11 - 16) + 0 - (7 - -1)?
-13
34 + -25 - -27 - 34
2
Evaluate 76 + -73 +